{"id":76,"date":"2025-12-16T20:30:46","date_gmt":"2025-12-16T23:30:46","guid":{"rendered":"http:\/\/portalcentraldeassinantes-com-br.umbler.net\/?post_type=product&#038;p=76"},"modified":"2025-12-16T20:47:08","modified_gmt":"2025-12-16T23:47:08","slug":"plano-experience-12-meses","status":"publish","type":"product","link":"https:\/\/portalcentraldeassinantes.com.br\/?product=plano-experience-12-meses","title":{"rendered":"Plano Experience 12 meses"},"content":{"rendered":"<ul>\n<li>Cobrado em reais no Brasil com impostos inclusos.<\/li>\n<li>Seguran\u00e7a DRM nos v\u00eddeos.<\/li>\n<li>Transmita ao vivo via Zoom, StreamYard, OBS ou qualquer outro meio de sua prefer\u00eancia.<\/li>\n<li>Adequa\u00e7\u00e3o \u00e0 LGPD.<\/li>\n<li>Suporte humanizado em portugu\u00eas, ingl\u00eas e espanhol.<\/li>\n<li>Acesso a APIs para integra\u00e7\u00f5es diversas.<\/li>\n<li>Emiss\u00e3o de Relat\u00f3rios.<\/li>\n<li>Cursos, Salas, Grupos e Alunos Ilimitados.<\/li>\n<li>Layout Customiz\u00e1vel (White Label).<\/li>\n<li>Demais funcionalidades.<\/li>\n<\/ul>\n<div id=\"acfifjfajpekbmhmjppnmmjgmhjkildl\" class=\"acfifjfajpekbmhmjppnmmjgmhjkildl\"><\/div>\n<div id=\"acfifjfajpekbmhmjppnmmjgmhjkildl\" class=\"acfifjfajpekbmhmjppnmmjgmhjkildl\"><\/div>\n","protected":false},"excerpt":{"rendered":"<p>&nbsp;<\/p>\n<div id=\"acfifjfajpekbmhmjppnmmjgmhjkildl\" class=\"acfifjfajpekbmhmjppnmmjgmhjkildl\"><\/div>\n<div id=\"acfifjfajpekbmhmjppnmmjgmhjkildl\" class=\"acfifjfajpekbmhmjppnmmjgmhjkildl\"><\/div>\n","protected":false},"featured_media":84,"comment_status":"open","ping_status":"closed","template":"","meta":[],"product_brand":[],"product_cat":[15,16],"product_tag":[],"class_list":{"0":"post-76","1":"product","2":"type-product","3":"status-publish","4":"has-post-thumbnail","6":"product_cat-sem-categoria","7":"product_cat-planos-de-mentoria-empresarial","8":"post","10":"first","11":"onbackorder","12":"virtual","13":"purchasable","14":"product-type-simple"},"_links":{"self":[{"href":"https:\/\/portalcentraldeassinantes.com.br\/index.php?rest_route=\/wp\/v2\/product\/76","targetHints":{"allow":["GET"]}}],"collection":[{"href":"https:\/\/portalcentraldeassinantes.com.br\/index.php?rest_route=\/wp\/v2\/product"}],"about":[{"href":"https:\/\/portalcentraldeassinantes.com.br\/index.php?rest_route=\/wp\/v2\/types\/product"}],"replies":[{"embeddable":true,"href":"https:\/\/portalcentraldeassinantes.com.br\/index.php?rest_route=%2Fwp%2Fv2%2Fcomments&post=76"}],"version-history":[{"count":0,"href":"https:\/\/portalcentraldeassinantes.com.br\/index.php?rest_route=\/wp\/v2\/product\/76\/revisions"}],"wp:featuredmedia":[{"embeddable":true,"href":"https:\/\/portalcentraldeassinantes.com.br\/index.php?rest_route=\/wp\/v2\/media\/84"}],"wp:attachment":[{"href":"https:\/\/portalcentraldeassinantes.com.br\/index.php?rest_route=%2Fwp%2Fv2%2Fmedia&parent=76"}],"wp:term":[{"taxonomy":"product_brand","embeddable":true,"href":"https:\/\/portalcentraldeassinantes.com.br\/index.php?rest_route=%2Fwp%2Fv2%2Fproduct_brand&post=76"},{"taxonomy":"product_cat","embeddable":true,"href":"https:\/\/portalcentraldeassinantes.com.br\/index.php?rest_route=%2Fwp%2Fv2%2Fproduct_cat&post=76"},{"taxonomy":"product_tag","embeddable":true,"href":"https:\/\/portalcentraldeassinantes.com.br\/index.php?rest_route=%2Fwp%2Fv2%2Fproduct_tag&post=76"}],"curies":[{"name":"wp","href":"https:\/\/api.w.org\/{rel}","templated":true}]}}